{"id":959,"date":"2024-01-16T05:53:52","date_gmt":"2024-01-16T05:53:52","guid":{"rendered":"https:\/\/leader-wohlviertel.at\/_wp\/?page_id=959"},"modified":"2024-05-21T14:37:38","modified_gmt":"2024-05-21T14:37:38","slug":"unsere-region","status":"publish","type":"page","link":"https:\/\/leader-wohlviertel.at\/_wp\/unsere-region\/","title":{"rendered":"Unsere Region"},"content":{"rendered":"\t\t<div data-elementor-type=\"wp-page\" data-elementor-id=\"959\" class=\"elementor elementor-959\" data-elementor-post-type=\"page\">\n\t\t\t\t<div class=\"elementor-element elementor-element-762474d e-flex e-con-boxed e-con e-parent\" data-id=\"762474d\" data-element_type=\"container\">\n\t\t\t\t\t<div class=\"e-con-inner\">\n\t\t\t\t<div class=\"elementor-element elementor-element-24b8646 elementor-widget elementor-widget-heading\" data-id=\"24b8646\" data-element_type=\"widget\" data-widget_type=\"heading.default\">\n\t\t\t\t<div class=\"elementor-widget-container\">\n\t\t\t<style>\/*! elementor - v3.21.0 - 30-04-2024 *\/\n.elementor-heading-title{padding:0;margin:0;line-height:1}.elementor-widget-heading .elementor-heading-title[class*=elementor-size-]>a{color:inherit;font-size:inherit;line-height:inherit}.elementor-widget-heading .elementor-heading-title.elementor-size-small{font-size:15px}.elementor-widget-heading .elementor-heading-title.elementor-size-medium{font-size:19px}.elementor-widget-heading .elementor-heading-title.elementor-size-large{font-size:29px}.elementor-widget-heading .elementor-heading-title.elementor-size-xl{font-size:39px}.elementor-widget-heading .elementor-heading-title.elementor-size-xxl{font-size:59px}<\/style><h1 class=\"elementor-heading-title elementor-size-default\">1. Unsere Region<\/h1>\t\t<\/div>\n\t\t\t\t<\/div>\n\t\t\t\t\t<\/div>\n\t\t\t\t<\/div>\n\t\t<div class=\"elementor-element elementor-element-178e4e7 e-flex e-con-boxed e-con e-parent\" data-id=\"178e4e7\" data-element_type=\"container\">\n\t\t\t\t\t<div class=\"e-con-inner\">\n\t\t<div class=\"elementor-element elementor-element-e12dc68 e-con-full e-flex e-con e-child\" data-id=\"e12dc68\" data-element_type=\"container\">\n\t\t\t\t<div class=\"elementor-element elementor-element-9936db5 elementor-widget elementor-widget-image\" data-id=\"9936db5\" data-element_type=\"widget\" data-widget_type=\"image.default\">\n\t\t\t\t<div class=\"elementor-widget-container\">\n\t\t\t<style>\/*! elementor - v3.21.0 - 30-04-2024 *\/\n.elementor-widget-image{text-align:center}.elementor-widget-image a{display:inline-block}.elementor-widget-image a img[src$=\".svg\"]{width:48px}.elementor-widget-image img{vertical-align:middle;display:inline-block}<\/style>\t\t\t\t\t\t\t\t\t\t<img fetchpriority=\"high\" decoding=\"async\" width=\"690\" height=\"566\" src=\"https:\/\/leader-wohlviertel.at\/_wp\/wp-content\/uploads\/2024\/05\/Regionskarte.png\" class=\"attachment-large size-large wp-image-1694\" alt=\"\" srcset=\"https:\/\/leader-wohlviertel.at\/_wp\/wp-content\/uploads\/2024\/05\/Regionskarte.png 690w, https:\/\/leader-wohlviertel.at\/_wp\/wp-content\/uploads\/2024\/05\/Regionskarte-300x246.png 300w, https:\/\/leader-wohlviertel.at\/_wp\/wp-content\/uploads\/2024\/05\/Regionskarte-200x164.png 200w\" sizes=\"(max-width: 690px) 100vw, 690px\" \/>\t\t\t\t\t\t\t\t\t\t\t\t\t<\/div>\n\t\t\t\t<\/div>\n\t\t\t\t<\/div>\n\t\t<div class=\"elementor-element elementor-element-e716142 e-con-full e-flex e-con e-child\" data-id=\"e716142\" data-element_type=\"container\">\n\t\t\t\t<div class=\"elementor-element elementor-element-298a0ee elementor-widget elementor-widget-text-editor\" data-id=\"298a0ee\" data-element_type=\"widget\" data-widget_type=\"text-editor.default\">\n\t\t\t\t<div class=\"elementor-widget-container\">\n\t\t\t<style>\/*! elementor - v3.21.0 - 30-04-2024 *\/\n.elementor-widget-text-editor.elementor-drop-cap-view-stacked .elementor-drop-cap{background-color:#69727d;color:#fff}.elementor-widget-text-editor.elementor-drop-cap-view-framed .elementor-drop-cap{color:#69727d;border:3px solid;background-color:transparent}.elementor-widget-text-editor:not(.elementor-drop-cap-view-default) .elementor-drop-cap{margin-top:8px}.elementor-widget-text-editor:not(.elementor-drop-cap-view-default) .elementor-drop-cap-letter{width:1em;height:1em}.elementor-widget-text-editor .elementor-drop-cap{float:left;text-align:center;line-height:1;font-size:50px}.elementor-widget-text-editor .elementor-drop-cap-letter{display:inline-block}<\/style>\t\t\t\t<p>Die <b>Region Waldviertler Wohlviertel Nationalpark Thayatal<\/b> liegt im nord\u00f6stlichen Nieder\u00f6sterreich und ist ein Teil des Waldviertels. Die sanften H\u00fcgel des Manhartsbergs, das eindrucksvolle Thayatal, das Waldgebiet \u201edie Wild\u201c und das Horner Becken bilden den geografischen Rahmen f\u00fcr die Region Waldviertler Wohlviertel Nationalpark Thayatal. Die n\u00f6rdliche Regionsgrenze ist auch die Staatsgrenze zu Tschechien. Felder, Wiesen und W\u00e4lder von 18 Gemeinden mit 176 kleinen D\u00f6rfern und St\u00e4dtchen pr\u00e4gen die in <b>rund 1000-j\u00e4hriger landwirtschaftlicher Bewirtschaftung entstandene Kulturlandschaft<\/b>. Die weite h\u00fcgelige Landschaft weist eine geringe Besiedlungsdichte von 31,9 Einwohner\/km\u00b2 und damit gro\u00dfe Freir\u00e4ume f\u00fcr den Einzelnen auf. Mit einer Fl\u00e4che von 907km\u00b2 ist das Waldviertler Wohlviertel Nationalpark Thayatal mehr als doppelt so gro\u00df wie die Bundeshauptstadt Wien (414km\u00b2).<\/p><p>Von den Ausl\u00e4ufern des Manhartsbergs mit einer H\u00f6henlage von rund 280m \u00fc.A. \u00fcber das Horner Becken (H\u00f6he ca.330m \u00fc.A.) bis zum Land um das Thayatal an der tschechischen Grenze (H\u00f6he ca. 560m u.A.) liegt das Waldviertler Wohlviertel an einem \u00dcbergang vom pannonischen Klima (Manhartsberg) zum atlantisch gepr\u00e4gten Hochfl\u00e4chenklima. Die relativ geringen Jahresniederschlagsmengen f\u00fchren zu geringerer Bew\u00f6lkung im Vergleich zu anderen Regionen in \u00d6sterreich und damit zu vielen Sonnentagen und Abk\u00fchlung in den N\u00e4chten. Die urspr\u00fcngliche Natur bildet \u2013 mit dem Nationalpark Thayatal als herausragendem Schutzgebiet &#8211; wichtige Refugien in der Region. Leben in und mit der Natur ist auch f\u00fcr die Bev\u00f6lkerung von gro\u00dfer Bedeutung. H\u00e4user mit eigenem Garten und Spielen im nahen Wald ist f\u00fcr die meisten Kinder in der Region das normale Leben.<\/p><p>Das Wirtschaftsleben pr\u00e4gen einerseits vorwiegend Handwerks- und Gewerbebetriebe, vielf\u00e4ltige landwirtschaftliche Familienbetriebe (Acker- und Weinbau, Viehzucht, Waldwirtschaft, Direktvermarkter und zahlreiche Energieproduzenten) sowie Handelsunternehmen, oft rund um die Bezirkshauptstadt Horn. Anderseits ist die Region aber auch Sitz bedeutender, international erfolgreicher (Hightech)- Unternehmen, die in der Region ebenso f\u00fcr wichtige Arbeitspl\u00e4tze sorgen, wie das Landesklinikum Horn als gr\u00f6\u00dfter Arbeitgeber und zahlreiche Dienstleister in verschiedenen Branchen.<\/p><p>Seit 20 Jahren arbeiten aktive Menschen und Gemeinden f\u00fcr eine zukunftsorientierte, in der Region verwurzelte, endogene Regionalentwicklung zusammen. Ausgehend von gemeinsamen Potentialen und Visionen, vielen in diesen Jahren entstandenen Kooperationen, aber auch gemeinsamen Herausforderungen, sind zahlreiche Projekte und auch die vorliegende Strategie als Bottom Up \u2013 Entwicklung entstanden. Bottom Up ist schon der Regionsname \u201eWohlviertel\u201c aus einem Ideenwettbewerb mit \u00fcber 220 Beteiligten von den Regionsbewohnerinnen und -bewohnern geschaffen worden.<\/p>\t\t\t\t\t\t<\/div>\n\t\t\t\t<\/div>\n\t\t\t\t<\/div>\n\t\t\t\t\t<\/div>\n\t\t\t\t<\/div>\n\t\t\t\t<\/div>\n\t\t","protected":false},"excerpt":{"rendered":"<p>1. Unsere Region Die Region Waldviertler Wohlviertel Nationalpark Thayatal liegt im nord\u00f6stlichen Nieder\u00f6sterreich und ist ein Teil des Waldviertels. Die sanften H\u00fcgel des Manhartsbergs, das eindrucksvolle Thayatal, das Waldgebiet \u201edie Wild\u201c und das Horner Becken bilden den geografischen Rahmen f\u00fcr die Region Waldviertler Wohlviertel Nationalpark Thayatal. Die n\u00f6rdliche Regionsgrenze ist auch die Staatsgrenze zu Tschechien. [&hellip;]<\/p>\n","protected":false},"author":1,"featured_media":0,"parent":0,"menu_order":0,"comment_status":"closed","ping_status":"closed","template":"","meta":{"footnotes":""},"class_list":["post-959","page","type-page","status-publish","hentry","wpbf-post"],"_links":{"self":[{"href":"https:\/\/leader-wohlviertel.at\/_wp\/wp-json\/wp\/v2\/pages\/959","targetHints":{"allow":["GET"]}}],"collection":[{"href":"https:\/\/leader-wohlviertel.at\/_wp\/wp-json\/wp\/v2\/pages"}],"about":[{"href":"https:\/\/leader-wohlviertel.at\/_wp\/wp-json\/wp\/v2\/types\/page"}],"author":[{"embeddable":true,"href":"https:\/\/leader-wohlviertel.at\/_wp\/wp-json\/wp\/v2\/users\/1"}],"replies":[{"embeddable":true,"href":"https:\/\/leader-wohlviertel.at\/_wp\/wp-json\/wp\/v2\/comments?post=959"}],"version-history":[{"count":16,"href":"https:\/\/leader-wohlviertel.at\/_wp\/wp-json\/wp\/v2\/pages\/959\/revisions"}],"predecessor-version":[{"id":1731,"href":"https:\/\/leader-wohlviertel.at\/_wp\/wp-json\/wp\/v2\/pages\/959\/revisions\/1731"}],"wp:attachment":[{"href":"https:\/\/leader-wohlviertel.at\/_wp\/wp-json\/wp\/v2\/media?parent=959"}],"curies":[{"name":"wp","href":"https:\/\/api.w.org\/{rel}","templated":true}]}}